rst derivative of -1 + 1/2*o**2 - p*o. Give i(5).
-1
Let h(s) be the second derivative of -1/20*s**5 - 4*s - 1/6*s**3 + 0*s**4 + 0 - 1/2*s**2. Determine h(0).
-1
Let r(t) = -t**3 + t**2 + 11. Suppose -2*g - 4*v + 12 = 0, -3*g + 3*v + 0*v - 9 = 0. Determine r(g).
11
Let p = -11 - -14. Let z(v) = 3 + 1 - 3 - v**2 + v. Calculate z(p).
-5
Let f(y) = 3 - 3 + 0 + y. Give f(5).
5
Let z be (6/4)/((-3)/6). Let l be 3 + 1/(z/(-6)). Suppose l*f + 5 = -5. Let c(w) = w**3 + 3*w**2 - w + 1. Give c(f).
7
Let k(j) = -3 - 3*j + 3*j - 3 + j. Determine k(7).
1
Let l(z) = -z**3 + z**2 + z - 2. Let t be l(0). Let r = t - -5. Suppose 0 + 20 = -5*k, 0 = -r*u - 2*k - 11. Let y(h) = 3*h**3 - 2*h**2 - 2*h - 1. Give y(u).
-4
Let a(x) = -x**3 - 6*x**2 - 12*x. Let o(g) be the second derivative of g**5/20 + g**4/2 + 11*g**3/6 + g**2/2 + g. Let v(t) = 6*a(t) + 7*o(t). Give v(-5).
7
Let m(b) = b**2 - b + 2. Suppose -5*v = -18 + 3. Let f(t) = 2*t**2 - 2*t + 3. Let u(r) = v*f(r) - 5*m(r). Calculate u(2).
1
Let g(m) = 13*m + 73. Let w be g(-6). Let c(f) = -f**2 - 6*f - 4. Give c(w).
1
Let h(l) = l**3 - 3*l + 2. Let o be h(2). Let p(j) be the first derivative of j**4/4 - 5*j**3/3 + j**2 + 5*j + 3. Calculate p(o).
-3
Let o(n) = -n**2 + 2*n + 1. Let j(f) = f**2 - 3*f - 1. Let r be j(4). Suppose -24 = -5*l + r*c, -2*c + 12 = -6*c. Let k be ((-6)/(-4))/(l/(-4)). Give o(k).
-7
Let s(g) be the second derivative of g**4/12 + 2*g**3 - 6*g**2 + 38*g. What is s(-13)?
1
Let x be 2*1/(-2)*-3. Let j be (-1 + x/(-3))/(-2). Let l(h) = 3*h - 1. What is l(j)?
2
Let m be (-100)/(-45) + -2 + 158/18. Let r(s) = s**3 - 9*s**2 - 2. Determine r(m).
-2
Let h(q) = q**2 - 6*q + 6. Let f(d) = -d + 5. Let g be f(-7). Suppose 5*w + g = 37. Give h(w).
1
Let f(c) = 2*c - 5. Let v(i) = i + 6. Let h be v(0). Let q be f(h). Let r(z) = 4*z**2 - q + 2*z**2 + 6. Give r(-1).
5
Suppose 4*s - 3 = -7. Let h(m) be the first derivative of -11*m**4/4 + m**3/3 - 1. What is h(s)?
12
Let v = -12 - -7. Let u(p) = p - 1. Let d(y) = 2*y - 9. Let x(f) = v*u(f) + d(f). Give x(-3).
5
Let t(r) = r**2 - 8*r - 3. Suppose 11*d - 9*d - 40 = -4*m, -37 = -5*m + 4*d. Give t(m).
6
Let p(n) = -3*n + 3*n + 20 - 8 - n. Let r be p(9). Let a(b) = r*b + 6 + 0 - 3. Calculate a(-3).
-6
Let t(d) = -d**3 + 5*d**2. Let b be t(5). Let f(v) = -v**2 + v - 11. What is f(b)?
-11
Let l(n) = -n. Let x(c) = 6*c - 1. Let h(o) = 3*l(o) + x(o). What is h(-2)?
-7
Let w(q) be the second derivative of -3*q + 0 - 1/3*q**3 - 3*q**2. What is w(-6)?
6
Let a(o) = -o + 2. Suppose -3*b = -4*z, b - 4*b + 3 = -3*z. Let h be (-2)/((0 - z)/3). Suppose 0 = -q + h + 2. What is a(q)?
-2
Let u(c) be the second derivative of -c**3/6 + 3*c**2 + c. Determine u(7).
-1
Let j(s) = -s**3 - s**2 + 8. Let m = -3 - -6. Suppose -4*z + 3 = 3*h, -3*z + 0*z = -3*h + m. Determine j(z).
8
Let o(j) = -j + 10. Let m be o(9). Let a(r) = 1. Let x(s) = s. Let y(k) = m*x(k) - a(k). What is y(4)?
3
Let i(s) = 7*s - 3*s + s + 5 - 2. Let t(b) = 0 + 0 - 3*b - 2. Let o(l) = 5*i(l) + 8*t(l). Calculate o(1).
0
Let i be 8 + (-6 - (-4 - 0)). Let c(r) = -1 - i*r - 2 + 3*r. Determine c(-2).
3
Let o be (-4)/4*(1 + 0). Let d(t) = 2*t**2 - 2*t + 1. Let j(i) = -3*i - 4*i**2 + 4*i**2 + 1 + i**2. Let q(x) = 3*d(x) - 2*j(x). Determine q(o).
5
Suppose 8 = h - 14. Suppose 5*p + 2*y = p - h, p + 9 = -4*y. Let s(c) = c**2 + 6*c + 3. What is s(p)?
-2
Suppose -5*z + m + 18 = -3*m, 4*m = -8. Let c(k) = -4 - 9*k**z - 4 - 6*k**2 + 14*k**2. Determine c(0).
-8
Let p(f) be the third derivative of f**9/60480 + f**8/3360 + f**7/5040 + f**6/360 - 7*f**5/60 - 2*f**2. Let c(y) be the third derivative of p(y). What is c(-6)?
-4
Let k(r) = -r + 3. Suppose -10 = -0*j - 2*j. Suppose -4*m - c = -4 - 18, -c = -j*m + 32. Calculate k(m).
-3
Let s(z) = 3*z - 7. Suppose p - 2*p = -9. Let h(d) = d**2 - 2*d - 1. Let r be h(3). Suppose r*f - 1 = p. What is s(f)?
8
Let i(r) = r**2 + 109 - 111 - r**3 - 4*r**2 + 5*r - r. Determine i(-4).
-2
Let v(i) be the third derivative of -i**5/60 - 7*i**4/24 + i**3 - 2*i**2. Suppose -2*s + 4*d = -10 + 26, 2*s = d - 13. Calculate v(s).
12
Let s(d) be the first derivative of -2*d**3/3 + d**2 - 3*d + 10. Determine s(3).
-15
Let q(v) = 2*v**2 - 2*v + 13. Let g(y) = y**2 - y + 7. Let u(x) = -11*g(x) + 6*q(x). Determine u(3).
7
Let f(o) = o**3 + 5*o**2 + 6*o + 4. Let q be 4/(-6) + (-56)/(-12). Let j(w) = -w**2 + 4*w - 4. Let r be j(q). Give f(r).
-4
Suppose 2*m - 9 = 5*a, 3*m + 5*a + 2 = 3. Let h(j) = j**2 - 4*j - 1. Give h(m).
-5
Let i(t) = -t - 1. Let y = -15 - -13. Let h be i(y). Let w(p) = 2*p**2 + 1. Determine w(h).
3
Let z(c) be the second derivative of c**3/3 + c**2 + c + 9. Determine z(-2).
-2
Let t(d) = 2*d + 6. Let s be t(-11). Let i = -22 - s. Let m(u) = u**3 + 5*u**2 - 8*u - 6. Give m(i).
6
Let q(o) = 2*o**2 + 9. Let y(k) = -k**2 + k - 1. Let l(w) = -q(w) - 3*y(w). Let b = 0 - 0. Let j = 5 - b. What is l(j)?
4
Let w(q) = -q - 3. Let s(r) = 9*r + 7. Let z be s(0). Determine w(z).
-10
Let d(l) = l**3 - 5*l**2 - l - 2. Let w = 25 + -20. Determine d(w).
-7
Let p(a) = -4*a - 10. Let b(s) = 2*s + 5. Let n(m) = 7*b(m) + 4*p(m). Suppose l + l + 5*o - 4 = 0, -l + 3*o + 13 = 0. Let x = -11 + l. Give n(x).
3
Let p(t) = 5*t**2 + 5*t - 3*t**2 - t**2 + 2*t + 3. Calculate p(-5).
-7
Suppose 8 = z + 11. Let t(c) = c**2 + 4. Calculate t(z).
13
Suppose -4*f = 4*m + 8, -4*f + m + 2 + 5 = 0. Let o = -6 - -10. Let b be (f/2)/((-2)/o). Let s(y) = 14*y**3 - y. What is s(b)?
-13
Let q(t) = -t**2 + t - 5. Let g = 24 - 21. Suppose c = 6*c - 10. Let h be 0 - (2 - c)/g. Calculate q(h).
-5
Let n(b) = -7*b**2 + b. Let o(u) = -2*u**3 - u**2 - 2. Let y be o(-2). Let v = y - 11. Give n(v).
-8
Let r(y) = y**3 + 3*y**2 + 3. Let q = -23 - -18. Let m(l) = -l**3 + 7*l**2 - 6*l - 2. Let c be m(6). Let x be c/(-4)*(q + -1). Give r(x).
3
Let w(v) = v**2 - 11*v. Suppose m = -0*m + 11. Give w(m).
0
Suppose -3*u - 2 = -7*u - 2*r, -2*u - 2*r = 0. Let x(p) be the first derivative of p**2 + p - 1. Give x(u).
3
Let x(z) be the first derivative of -2*z**2 - 3*z - 10. Calculate x(-4).
13
Suppose -3*f + 0*f = -18. Suppose 0 = 2*r - f*r. Suppose -2*s + r*s + 8 = 0. Let b(g) = g - 2. Calculate b(s).
2
Let v(l) = -2*l + 1. Let j be v(-1). Let m(i) be the second derivative of -4*i + 0 - 1/6*i**3 + 2*i**2. What is m(j)?
1
Let t(v) = -2*v - 5. Suppose -3*c = -2*d - 75, 0 = -5*c - 0*d - 4*d + 125. Suppose -6*w - c = -w. Calculate t(w).
5
Let d(n) = n**2 - 8*n + 5. Let w be d(7). Let b(c) be the second derivative of 0 - c - 1/2*c**3 - 3/2*c**2 - 1/12*c**4. What is b(w)?
-1
Let i be 22/14 + (-3)/(-7). Let b(z) be the third derivative of -z**6/120 + z**5/30 - z**4/6 + z**3/2 + z**2. Determine b(i).
-5
Let j(l) be the third derivative of 0*l**4 - 3*l**2 - 1/3*l**3 + 1/120*l**6 + 0 + 0*l + 0*l**5. Determine j(0).
-2
Let m(r) = 3*r + 4. Suppose -2*n = -7*n + 15. Suppose -n + 6 = -y. Calculate m(y).
-5
Let c(v) = -v**3 - v**2 + v. Let n(a) = a**3 + 4*a**2 - 2*a. Let i(z) = -2*c(z) - n(z). Calculate i(2).
0
Let q(i) be the first derivative of -i**2/2 + 2*i - 2. What is q(6)?
-4
Let q(w) = -2*w**2 + 1. Let b(c) = 3*c**2 - c - 1. Let i(p) = -3*b(p) - 5*q(p). What is i(-4)?
2
Let n(r) = r - 6. Let f(x) = -x**3 - 5*x**2 - 7*x - 1. Let b be f(-6). Let i = 17 - b. Let l be (-12)/10*i/18. Calculate n(l).
-2
Let z = 212 + -217. Let w(m) be the third derivative of -m**4/24 - m**3 + m**2. Determine w(z).
-1
Let l(s) = -2 - 3*s**2 + 4*s - 2 + 0*s - s**3. Determine l(-4).
-4
Let g be (-2 + (3 - 0))*0. Let a be (g - 1)*4*1. Let h(n) = -n**2 - 6*n - 5. Calculate h(a).
3
Let y(z) = -z**3 + 4*z**2 + 4*z + 1. Suppose -3*i = -5*u + 25, -2*u - 2*i = u - 15. Give y(u).
-4
Let s(q) = -q + 18. Let x be s(9). Let d(f) = f**2 - 10*f + 8. Calculate d(x).
-1
Let a(k) = 2*k - 7. Let d be a(5). Let u(s) = -2*s. Let g(y) = 2*y. Let i(w) = -2*g(w) - u(w). Give i(d).
-6
Let b(c) = -c**3 - 6*c**2 - 6*c - 6. Let i = -11 + 6. Let r be b(i). Let q(j) = -11*j**3 + j**2 - j - 1. Give q(r).
12
Let j(k) be the third derivative of 5*k**4/24 + 3*k**3/2 + k**2. Suppose -26 = 5*g + 29. Let r(i) = -9*i - 17. Let s(p) = g*j(p) - 6*r(p). Give s(-3).
6
Let h(r) be the second derivative of r**3 + 3*r**2/2 + 13*r. Determine h(-2).
-9
Let b(x) = x**2 - x - 2. Let z be b(-2). Let a be -3*4/(-6) - -1. Let i(r) = -3*r*